{"id":36,"date":"2016-03-15T14:56:50","date_gmt":"2016-03-15T14:56:50","guid":{"rendered":"http:\/\/golfclub.themerex.net\/?page_id=36"},"modified":"2022-01-20T12:21:55","modified_gmt":"2022-01-20T11:21:55","slug":"home-1","status":"publish","type":"page","link":"https:\/\/www.brainfirm.at\/cms\/","title":{"rendered":"Willkommen"},"content":{"rendered":"<div class=\"wpb-content-wrapper\"><div class=\"vc_row wpb_row vc_row-fluid\"><div class=\"wpb_column vc_column_container vc_col-sm-12\"><div class=\"vc_column-inner\"><div class=\"wpb_wrapper\"><div class=\"sc_content content_wrap margin_top_large margin_bottom_xmedium\" data-animation=\"animated fadeInUp normal\"><h2 class=\"sc_title sc_title_regular sc_align_center margin_top_null margin_bottom_small\" style=\"text-align:center;\">WAS IST INTERIM MANAGEMENT<\/h2><div id=\"sc_services_95654693_wrap\" class=\"sc_services_wrap\"><div id=\"sc_services_95654693\" class=\"sc_services sc_services_style_services-1 sc_services_type_icons  margin_top_tiny\" style=\"width:100%;\"><div class=\"sc_slider_swiper swiper-slider-container sc_slider_nopagination sc_slider_nocontrols sc_slider_height_auto\" data-interval=\"9044\" data-slides-per-view=\"4\" data-slides-min-width=\"250\"><div class=\"slides swiper-wrapper\"><div class=\"swiper-slide\" data-style=\"width:100%;\" style=\"width:100%;\"><div class=\"sc_services_item_wrap\">\t\t\t<div id=\"sc_services_95654693_1\"\t\t\t\tclass=\"sc_services_item sc_services_item_1 odd first\"\n\t\t\t\t>\n\t\t\t\t<a href=\"https:\/\/www.brainfirm.at\/cms\/services\/vakanzueberbrueckung\/\"><span class=\"sc_icon icon-clock-empty\"><\/span><\/a>\t\t\t\t<div class=\"sc_services_item_content\">\n\t\t\t\t\t<h4 class=\"sc_services_item_title\"><a href=\"https:\/\/www.brainfirm.at\/cms\/services\/vakanzueberbrueckung\/\">Vakanz\u00fcberbr\u00fcckung<\/a><\/h4>\n\t\t\t\t\t<div class=\"sc_services_item_description\">\n\t\t\t\t\t\t<p>Ausfall einer F\u00fchrungskraft &#8211; Was nun?<\/p>\t\t\t\t\t<\/div>\n\t\t\t\t<\/div>\n\t\t\t<\/div>\n\t\t<\/div><\/div><div class=\"swiper-slide\" data-style=\"width:100%;\" style=\"width:100%;\"><div class=\"sc_services_item_wrap\">\t\t\t<div id=\"sc_services_95654693_2\"\t\t\t\tclass=\"sc_services_item sc_services_item_2 even\"\n\t\t\t\t>\n\t\t\t\t<a href=\"https:\/\/www.brainfirm.at\/cms\/services\/changemanagement\/\"><span class=\"sc_icon icon-diamond-light\"><\/span><\/a>\t\t\t\t<div class=\"sc_services_item_content\">\n\t\t\t\t\t<h4 class=\"sc_services_item_title\"><a href=\"https:\/\/www.brainfirm.at\/cms\/services\/changemanagement\/\">Changemanagement<\/a><\/h4>\n\t\t\t\t\t<div class=\"sc_services_item_description\">\n\t\t\t\t\t\t<p>Change- oder auch Chancenmanagement<\/p>\t\t\t\t\t<\/div>\n\t\t\t\t<\/div>\n\t\t\t<\/div>\n\t\t<\/div><\/div><div class=\"swiper-slide\" data-style=\"width:100%;\" style=\"width:100%;\"><div class=\"sc_services_item_wrap\">\t\t\t<div id=\"sc_services_95654693_3\"\t\t\t\tclass=\"sc_services_item sc_services_item_3 odd\"\n\t\t\t\t>\n\t\t\t\t<a href=\"https:\/\/www.brainfirm.at\/cms\/services\/projektmanagement\/\"><span class=\"sc_icon icon-codeopen\"><\/span><\/a>\t\t\t\t<div class=\"sc_services_item_content\">\n\t\t\t\t\t<h4 class=\"sc_services_item_title\"><a href=\"https:\/\/www.brainfirm.at\/cms\/services\/projektmanagement\/\">Projektmanagement<\/a><\/h4>\n\t\t\t\t\t<div class=\"sc_services_item_description\">\n\t\t\t\t\t\t<p>Ressourcen f\u00fcr Ihr Projekt<\/p>\t\t\t\t\t<\/div>\n\t\t\t\t<\/div>\n\t\t\t<\/div>\n\t\t<\/div><\/div><div class=\"swiper-slide\" data-style=\"width:100%;\" style=\"width:100%;\"><div class=\"sc_services_item_wrap\">\t\t\t<div id=\"sc_services_95654693_4\"\t\t\t\tclass=\"sc_services_item sc_services_item_4 even\"\n\t\t\t\t>\n\t\t\t\t<a href=\"https:\/\/www.brainfirm.at\/cms\/services\/umsetzung\/\"><span class=\"sc_icon icon-trx-flag86\"><\/span><\/a>\t\t\t\t<div class=\"sc_services_item_content\">\n\t\t\t\t\t<h4 class=\"sc_services_item_title\"><a href=\"https:\/\/www.brainfirm.at\/cms\/services\/umsetzung\/\">Umsetzung<\/a><\/h4>\n\t\t\t\t\t<div class=\"sc_services_item_description\">\n\t\t\t\t\t\t<p>7 Schritte zur L\u00f6sung mit brain.firm<\/p>\t\t\t\t\t<\/div>\n\t\t\t\t<\/div>\n\t\t\t<\/div>\n\t\t<\/div><\/div><\/div><div class=\"sc_slider_controls_wrap\"><a class=\"sc_slider_prev\" href=\"#\"><\/a><a class=\"sc_slider_next\" href=\"#\"><\/a><\/div><div class=\"sc_slider_pagination_wrap\"><\/div><\/div><\/div><!-- \/.sc_services --><\/div><!-- \/.sc_services_wrap --><\/div><\/div><\/div><\/div><\/div><div class=\"vc_row wpb_row vc_row-fluid wpb_animate_when_almost_visible wpb_fadeInUp fadeInUp vc_custom_1642060069519 vc_row-has-fill\"><div class=\"wpb_column vc_column_container vc_col-sm-12\"><div class=\"vc_column-inner\"><div class=\"wpb_wrapper\">\n\t<div class=\"wpb_text_column wpb_content_element  wpb_animate_when_almost_visible wpb_fadeInUp fadeInUp\" >\n\t\t<div class=\"wpb_wrapper\">\n\t\t\t<h2 style=\"text-align: left;\">Der Einsatz von Interim Management hat sich unter anderem in nachstehenden Bereichen bew\u00e4hrt:<\/h2>\n\n\t\t<\/div>\n\t<\/div>\n\n\t<div class=\"wpb_text_column wpb_content_element  wpb_animate_when_almost_visible wpb_fadeInUp fadeInUp vc_custom_1642674759616\" >\n\t\t<div class=\"wpb_wrapper\">\n\t\t\t<h4 style=\"text-align: left;\">Aufbau von Controllingstrukturen im Unternehmen durch Implementierung strategisch-, \u00a0operativer Controllinginstrumente:<\/h4>\n\n\t\t<\/div>\n\t<\/div>\n<\/div><\/div><\/div><\/div><div class=\"vc_row wpb_row vc_row-fluid wpb_animate_when_almost_visible wpb_fadeInUp fadeInUp vc_custom_1642060087817 vc_row-has-fill\"><div class=\"wpb_animate_when_almost_visible wpb_fadeInLeft fadeInLeft wpb_column vc_column_container vc_col-sm-6\"><div class=\"vc_column-inner\"><div class=\"wpb_wrapper\">\n\t<div class=\"wpb_text_column wpb_content_element \" >\n\t\t<div class=\"wpb_wrapper\">\n\t\t\t<ul>\n<li style=\"text-align: left;\">Abweichungsanalysen (Soll-Ist-Vergleich)<\/li>\n<li style=\"text-align: left;\">Kennzahlenmatrix<\/li>\n<li style=\"text-align: left;\">Rentabilit\u00e4tsanalysen<\/li>\n<li style=\"text-align: left;\">Cash-Flow-Analysen<\/li>\n<li style=\"text-align: left;\">Investitionsanalysen<\/li>\n<li style=\"text-align: left;\">Kostenrechnung<\/li>\n<\/ul>\n\n\t\t<\/div>\n\t<\/div>\n<\/div><\/div><\/div><div class=\"wpb_animate_when_almost_visible wpb_fadeInRight fadeInRight wpb_column vc_column_container vc_col-sm-6\"><div class=\"vc_column-inner\"><div class=\"wpb_wrapper\">\n\t<div class=\"wpb_text_column wpb_content_element \" >\n\t\t<div class=\"wpb_wrapper\">\n\t\t\t<ul>\n<li style=\"text-align: left;\">Modellrechnungen (Alternative Szenarien)<\/li>\n<li style=\"text-align: left;\">Liquidit\u00e4tsplanung (kurz- und langfristig)<\/li>\n<li style=\"text-align: left;\">Hochrechnungen (Forecasts)<\/li>\n<li style=\"text-align: left;\">Budgetierung<\/li>\n<li style=\"text-align: left;\">Business Plan<\/li>\n<li style=\"text-align: left;\">Balanced Scorecard<\/li>\n<\/ul>\n\n\t\t<\/div>\n\t<\/div>\n<\/div><\/div><\/div><\/div><div class=\"vc_row wpb_row vc_row-fluid wpb_animate_when_almost_visible wpb_fadeInUp fadeInUp vc_custom_1642060106124 vc_row-has-fill\"><div class=\"wpb_animate_when_almost_visible wpb_fadeInUp fadeInUp wpb_column vc_column_container vc_col-sm-12\"><div class=\"vc_column-inner\"><div class=\"wpb_wrapper\">\n\t<div class=\"wpb_text_column wpb_content_element  vc_custom_1642677698236\" >\n\t\t<div class=\"wpb_wrapper\">\n\t\t\t<h4 style=\"text-align: left;\">Changemanagement in der Finanzabteilung des Unternehmens bei der Integration in einen internationalen Konzernverbund:<\/h4>\n\n\t\t<\/div>\n\t<\/div>\n\n\t<div class=\"wpb_text_column wpb_content_element  vc_custom_1642677507789\" >\n\t\t<div class=\"wpb_wrapper\">\n\t\t\t<ul>\n<li>Reporting an die Konzernmutter<\/li>\n<li>Abschl\u00fcsse nach internationalen Rechnungslegungsvorschriften IFRS, US GAAP<\/li>\n<li>Rollierende Forecasts<\/li>\n<li>Budgetierungsprozess<\/li>\n<\/ul>\n\n\t\t<\/div>\n\t<\/div>\n\n\t<div class=\"wpb_text_column wpb_content_element  vc_custom_1642677664120\" >\n\t\t<div class=\"wpb_wrapper\">\n\t\t\t<h4 style=\"text-align: left;\">Implementierung von Finanz IT Systemen:<\/h4>\n\n\t\t<\/div>\n\t<\/div>\n\n\t<div class=\"wpb_text_column wpb_content_element  vc_custom_1642677638201\" >\n\t\t<div class=\"wpb_wrapper\">\n\t\t\t<ul>\n<li>Implementierung von IT Systemen f\u00fcr Finanzbuchhaltung, Kostenrechnung, Planung, Reporting<\/li>\n<li>Analyse bestehender Prozesse und Systeme hinsichtlich Optimierungspotentialen<\/li>\n<li style=\"text-align: left;\"><span class=\"style2\">Technologischer Approach :\u201e<em>werden die zum Unternehmen passenden IT-Systeme eingesetzt?<\/em>\u201c<\/span><\/li>\n<li style=\"text-align: left;\"><span class=\"style2\">Analyse und Evaluierung des gegenw\u00e4rtigen IT-Systems. Im Bedarfsfall erfolgt der konzeptionelle Entwurf eines geeignetes IT-Systems entsprechend Unternehmenstyp &amp; -gr\u00f6\u00dfe sowie unter Ber\u00fccksichtigung spezifischer Anforderungen.<\/span><\/li>\n<\/ul>\n\n\t\t<\/div>\n\t<\/div>\n<\/div><\/div><\/div><\/div>\n<\/div>","protected":false},"excerpt":{"rendered":"7 Schritte zur L\u00f6sung mit brain firm! &nbsp; Sie stellen Bedarf an Interim Management fest? Wir freuen uns \u00fcber Ihre Anfrage! In einem pers\u00f6nlichen Gespr\u00e4ch vor Ort werden Ziele, Aufgabenstellungen und Umfeld des Einsatzes analysiert. Ziel ist es, die Kriterien f\u00fcr den Einsatz des Interim Managers zu erarbeiten und ein m\u00f6glichst umfassendes Bild der Unternehmenssituation [...]","protected":false},"author":1,"featured_media":0,"parent":0,"menu_order":0,"comment_status":"closed","ping_status":"closed","template":"","meta":{"footnotes":""},"class_list":["post-36","page","type-page","status-publish","hentry"],"_links":{"self":[{"href":"https:\/\/www.brainfirm.at\/cms\/wp-json\/wp\/v2\/pages\/36","targetHints":{"allow":["GET"]}}],"collection":[{"href":"https:\/\/www.brainfirm.at\/cms\/wp-json\/wp\/v2\/pages"}],"about":[{"href":"https:\/\/www.brainfirm.at\/cms\/wp-json\/wp\/v2\/types\/page"}],"author":[{"embeddable":true,"href":"https:\/\/www.brainfirm.at\/cms\/wp-json\/wp\/v2\/users\/1"}],"replies":[{"embeddable":true,"href":"https:\/\/www.brainfirm.at\/cms\/wp-json\/wp\/v2\/comments?post=36"}],"version-history":[{"count":12,"href":"https:\/\/www.brainfirm.at\/cms\/wp-json\/wp\/v2\/pages\/36\/revisions"}],"predecessor-version":[{"id":1813,"href":"https:\/\/www.brainfirm.at\/cms\/wp-json\/wp\/v2\/pages\/36\/revisions\/1813"}],"wp:attachment":[{"href":"https:\/\/www.brainfirm.at\/cms\/wp-json\/wp\/v2\/media?parent=36"}],"curies":[{"name":"wp","href":"https:\/\/api.w.org\/{rel}","templated":true}]}}