{"id":1775,"date":"2022-01-12T14:35:15","date_gmt":"2022-01-12T13:35:15","guid":{"rendered":"https:\/\/www.brainfirm.at\/cms\/?page_id=1775"},"modified":"2022-01-26T09:31:15","modified_gmt":"2022-01-26T08:31:15","slug":"datenschutz","status":"publish","type":"page","link":"https:\/\/www.brainfirm.at\/cms\/datenschutz\/","title":{"rendered":"Datenschutz"},"content":{"rendered":"<div class=\"wpb-content-wrapper\"><div class=\"vc_row wpb_row vc_row-fluid\"><div class=\"wpb_column vc_column_container vc_col-sm-3\"><div class=\"vc_column-inner\"><div class=\"wpb_wrapper\">\n\t<div  class=\"wpb_single_image wpb_content_element vc_align_left\">\n\t\t\n\t\t<figure class=\"wpb_wrapper vc_figure\">\n\t\t\t<div class=\"vc_single_image-wrapper   vc_box_border_grey\"><img loading=\"lazy\" decoding=\"async\" width=\"534\" height=\"564\" src=\"https:\/\/www.brainfirm.at\/cms\/wp-content\/uploads\/2022\/01\/bf_illu_300.png\" class=\"vc_single_image-img attachment-full\" alt=\"\" title=\"bf_illu_300\" srcset=\"https:\/\/www.brainfirm.at\/cms\/wp-content\/uploads\/2022\/01\/bf_illu_300.png 534w, https:\/\/www.brainfirm.at\/cms\/wp-content\/uploads\/2022\/01\/bf_illu_300-284x300.png 284w\" sizes=\"auto, (max-width: 534px) 100vw, 534px\" \/><\/div>\n\t\t<\/figure>\n\t<\/div>\n<\/div><\/div><\/div><div class=\"wpb_column vc_column_container vc_col-sm-9\"><div class=\"vc_column-inner\"><div class=\"wpb_wrapper\"><h2 class=\"sc_title sc_title_regular sc_align_center\" style=\"text-align:center;\"><\/p>\n<p style=\"text-align: left;\">DATENSCHUTZERKL\u00c4RUNG<\/p>\n<p><\/h2>\n\t<div class=\"wpb_text_column wpb_content_element \" >\n\t\t<div class=\"wpb_wrapper\">\n\t\t\t<p><strong>Erkl\u00e4rung zur Informationspflicht (Datenschutzerkl\u00e4rung)<\/strong><\/p>\n<p>Der Schutz Ihrer pers\u00f6nlichen Daten ist uns ein besonderes Anliegen. Wir verarbeiten Ihre Daten daher ausschlie\u00dflich auf Grundlage der gesetzlichen Bestimmungen (DSGVO, TKG 2003). In diesen Datenschutzinformationen informieren wir Sie \u00fcber die wichtigsten Aspekte der Datenverarbeitung im Rahmen unserer Website. Kontakt mit uns Wenn Sie per Formular auf der Website oder per E-Mail Kontakt mit uns aufnehmen, werden Ihre angegebenen Daten zwecks Bearbeitung der Anfrage und f\u00fcr den Fall von Anschlussfragen sechs Monate bei uns gespeichert. Diese Daten geben wir nicht ohne Ihre Einwilligung weiter. Ihre Rechte Ihnen stehen grunds\u00e4tzlich die Rechte auf Auskunft, Berichtigung, L\u00f6schung, Einschr\u00e4nkung, Daten\u00fcbertragbarkeit, Widerruf und Widerspruch zu. Wenn Sie glauben, dass die Verarbeitung Ihrer Daten gegen das Datenschutzrecht verst\u00f6\u00dft oder Ihre datenschutzrechtlichen Anspr\u00fcche sonst in einer Weise verletzt worden sind, k\u00f6nnen Sie sich bei der Aufsichtsbeh\u00f6rde beschweren. In \u00d6sterreich ist dies die Datenschutzbeh\u00f6rde.<\/p>\n<p><strong>Sie erreichen uns unter folgenden Kontaktdaten:<\/strong><br \/>\nbrain firm GmbH<br \/>\nMag. Marion Fiedler e.U.<br \/>\nAdresse: Hollandstrasse 7\/21,<br \/>\n1020 Wien<br \/>\nmail: office@brainfirm.at<br \/>\nTelefon: +43 (0) 664 44 08 967<\/p>\n<p>Stand: 22.5.2018<\/p>\n\n\t\t<\/div>\n\t<\/div>\n<\/div><\/div><\/div><\/div>\n<\/div>","protected":false},"excerpt":{"rendered":"DATENSCHUTZERKL\u00c4RUNG Erkl\u00e4rung zur Informationspflicht (Datenschutzerkl\u00e4rung) Der Schutz Ihrer pers\u00f6nlichen Daten ist uns ein besonderes Anliegen. Wir verarbeiten Ihre Daten daher ausschlie\u00dflich auf Grundlage der gesetzlichen Bestimmungen (DSGVO, TKG 2003). In diesen Datenschutzinformationen informieren wir Sie \u00fcber die wichtigsten Aspekte der Datenverarbeitung im Rahmen unserer Website. Kontakt mit uns Wenn Sie per Formular auf der Website [...]","protected":false},"author":1,"featured_media":0,"parent":0,"menu_order":0,"comment_status":"closed","ping_status":"closed","template":"","meta":{"footnotes":""},"class_list":["post-1775","page","type-page","status-publish","hentry"],"_links":{"self":[{"href":"https:\/\/www.brainfirm.at\/cms\/wp-json\/wp\/v2\/pages\/1775","targetHints":{"allow":["GET"]}}],"collection":[{"href":"https:\/\/www.brainfirm.at\/cms\/wp-json\/wp\/v2\/pages"}],"about":[{"href":"https:\/\/www.brainfirm.at\/cms\/wp-json\/wp\/v2\/types\/page"}],"author":[{"embeddable":true,"href":"https:\/\/www.brainfirm.at\/cms\/wp-json\/wp\/v2\/users\/1"}],"replies":[{"embeddable":true,"href":"https:\/\/www.brainfirm.at\/cms\/wp-json\/wp\/v2\/comments?post=1775"}],"version-history":[{"count":4,"href":"https:\/\/www.brainfirm.at\/cms\/wp-json\/wp\/v2\/pages\/1775\/revisions"}],"predecessor-version":[{"id":1866,"href":"https:\/\/www.brainfirm.at\/cms\/wp-json\/wp\/v2\/pages\/1775\/revisions\/1866"}],"wp:attachment":[{"href":"https:\/\/www.brainfirm.at\/cms\/wp-json\/wp\/v2\/media?parent=1775"}],"curies":[{"name":"wp","href":"https:\/\/api.w.org\/{rel}","templated":true}]}}